{"id":9,"date":"2025-09-10T14:07:58","date_gmt":"2025-09-10T12:07:58","guid":{"rendered":"https:\/\/en-concept-tech.com\/?page_id=9"},"modified":"2025-10-16T16:18:25","modified_gmt":"2025-10-16T14:18:25","slug":"accueil","status":"publish","type":"page","link":"https:\/\/en-concept-tech.com\/","title":{"rendered":"Accueil"},"content":{"rendered":"\n<div class=\"wp-block-cover alignfull\" style=\"padding-top:17%;padding-bottom:3rem;min-height:817px;aspect-ratio:unset;\"><img loading=\"lazy\" decoding=\"async\" width=\"792\" height=\"606\" class=\"wp-block-cover__image-background wp-image-26 size-full\" alt=\"\" src=\"https:\/\/en-concept-tech.com\/wp-content\/uploads\/2025\/09\/Fotolia_25828130_S_page42-1.jpg\" style=\"object-position:23% 24%\" data-object-fit=\"cover\" data-object-position=\"23% 24%\" srcset=\"https:\/\/en-concept-tech.com\/wp-content\/uploads\/2025\/09\/Fotolia_25828130_S_page42-1.jpg 792w, https:\/\/en-concept-tech.com\/wp-content\/uploads\/2025\/09\/Fotolia_25828130_S_page42-1-300x230.jpg 300w, https:\/\/en-concept-tech.com\/wp-content\/uploads\/2025\/09\/Fotolia_25828130_S_page42-1-768x588.jpg 768w\" sizes=\"auto, (max-width: 792px) 100vw, 792px\" \/><span aria-hidden=\"true\" class=\"wp-block-cover__background has-nv-dark-bg-background-color has-background-dim\"><\/span><div class=\"wp-block-cover__inner-container is-layout-constrained wp-container-core-cover-is-layout-e1e5d5eb wp-block-cover-is-layout-constrained\">\n<div class=\"wp-block-group alignwide is-vertical is-content-justification-left is-layout-flex wp-container-core-group-is-layout-0d4b66b7 wp-block-group-is-layout-flex\" style=\"min-height:520px\">\n<ul style=\"border-radius:0px;padding-top:0;padding-right:0;padding-bottom:0;padding-left:0\" class=\"wp-block-list wp-container-content-9cfa9a5a\">\n<li class=\"has-nv-site-bg-color has-text-color has-link-color wp-elements-9aca5c22e96770acff4818cc8b4ac88b\" style=\"font-size:30px\"><strong>Unis par des valeurs et forts de notre exp\u00e9rience de consultants <\/strong>\n<ul class=\"wp-block-list\">\n<li class=\"has-nv-site-bg-color has-text-color has-link-color wp-elements-2a3a63f393e71e4d66ea88a1646b893c\" style=\"font-size:30px\">               <strong>sp\u00e9cialis\u00e9s en assistance et services informatiques, les fondateurs <\/strong><\/li>\n\n\n\n<li class=\"has-nv-site-bg-color has-text-color has-link-color wp-elements-9ac90180181173fe51cd927c2ff5b188\" style=\"font-size:30px\">            <strong>cr\u00e9ent une structure d\u00e9nomm\u00e9 E_concept.<\/strong><\/li>\n<\/ul>\n<\/li>\n<\/ul>\n<\/div>\n<\/div><\/div>\n\n\n\n<p><\/p>\n\n\n\n<div class=\"wp-block-group alignwide has-background\" style=\"background-color:#00297c;padding-top:6rem;padding-bottom:6rem\"><div class=\"wp-block-group__inner-container is-layout-constrained wp-container-core-group-is-layout-684787aa wp-block-group-is-layout-constrained\">\n<div class=\"wp-block-columns alignwide is-layout-flex wp-container-core-columns-is-layout-b122ce67 wp-block-columns-is-layout-flex\" style=\"padding-right:2.01rem;padding-left:2.01rem\">\n<div class=\"wp-block-column is-layout-flow wp-block-column-is-layout-flow\">\n<div class=\"wp-block-group is-vertical is-layout-flex wp-container-core-group-is-layout-8f938cb1 wp-block-group-is-layout-flex\">\n<figure class=\"wp-block-image size-full\"><img loading=\"lazy\" decoding=\"async\" width=\"740\" height=\"425\" src=\"https:\/\/en-concept-tech.com\/wp-content\/uploads\/2025\/09\/concept-portable-numerique-blue-hud-interface_53876-64973-2.avif\" alt=\"\" class=\"wp-image-134\" style=\"aspect-ratio:4\/3;object-fit:cover\"\/><\/figure>\n\n\n\n<h4 class=\"wp-block-heading has-text-align-left has-text-color has-link-color wp-elements-3b5bc994f83bcd4645fcc11930e90285\" style=\"color:#000000;margin-top:20px;font-size:28px;font-style:normal;font-weight:400;text-transform:capitalize\"><\/h4>\n\n\n\n<p class=\"has-text-color has-link-color wp-elements-27fe0abd53799394df61ed3fce256f7f\" style=\"color:#ffffff;font-size:18px\"><strong>Nous visons l&rsquo;excellence et aspirons \u00e0 devenir la r\u00e9f\u00e9rence en mati\u00e8re de d\u00e9veloppement informatique, de gestion de projets et conseils en RDC.<\/strong><\/p>\n<\/div>\n<\/div>\n\n\n\n<div class=\"wp-block-column is-layout-flow wp-block-column-is-layout-flow\">\n<div class=\"wp-block-group is-vertical is-layout-flex wp-container-core-group-is-layout-8f938cb1 wp-block-group-is-layout-flex\">\n<figure class=\"wp-block-image size-full\"><img loading=\"lazy\" decoding=\"async\" width=\"640\" height=\"439\" src=\"https:\/\/en-concept-tech.com\/wp-content\/uploads\/2025\/09\/partnership-2.jpg\" alt=\"\" class=\"wp-image-135\" style=\"aspect-ratio:4\/3;object-fit:cover\" srcset=\"https:\/\/en-concept-tech.com\/wp-content\/uploads\/2025\/09\/partnership-2.jpg 640w, https:\/\/en-concept-tech.com\/wp-content\/uploads\/2025\/09\/partnership-2-300x206.jpg 300w\" sizes=\"auto, (max-width: 640px) 100vw, 640px\" \/><\/figure>\n\n\n\n<h4 class=\"wp-block-heading has-text-align-left has-text-color has-link-color wp-elements-3b5bc994f83bcd4645fcc11930e90285\" style=\"color:#000000;margin-top:20px;font-size:28px;font-style:normal;font-weight:400;text-transform:capitalize\"><\/h4>\n\n\n\n<p class=\"has-text-color has-link-color wp-elements-e55599ff14db5910dabddfc8629a68c5\" style=\"color:#ffffff;font-size:18px\"><strong>Nous misons sur nos collaborateurs partenaires, clients et followers pour atteindre notre objectif<\/strong>.<\/p>\n<\/div>\n<\/div>\n<\/div>\n<\/div><\/div>\n\n\n\n<div class=\"wp-block-cover alignfull\" style=\"padding-top:3.51rem;padding-right:0px;padding-bottom:2.01rem;padding-left:0px;min-height:995px;aspect-ratio:unset;\"><span aria-hidden=\"true\" class=\"wp-block-cover__background has-background-dim-100 has-background-dim\" style=\"background-color:#00297c\"><\/span><div class=\"wp-block-cover__inner-container is-layout-flow wp-block-cover-is-layout-flow\">\n<div class=\"wp-block-group alignfull has-background\" style=\"background-color:#00297c;margin-top:0px;margin-bottom:0px;padding-top:0rem;padding-right:1px;padding-bottom:2.01rem;padding-left:1px\"><div class=\"wp-block-group__inner-container is-layout-flow wp-block-group-is-layout-flow\">\n<div class=\"wp-block-columns alignfull is-layout-flex wp-container-core-columns-is-layout-7a67c622 wp-block-columns-is-layout-flex\" style=\"padding-top:0rem\">\n<div class=\"wp-block-column is-layout-flow wp-block-column-is-layout-flow\" style=\"padding-top:1rem;padding-right:0rem;padding-bottom:1rem;padding-left:0rem\">\n<div class=\"wp-block-cover\" style=\"padding-right:0.51rem;padding-left:0.51rem;min-height:390px;aspect-ratio:unset;\"><img loading=\"lazy\" decoding=\"async\" width=\"724\" height=\"483\" class=\"wp-block-cover__image-background wp-image-73 size-full\" alt=\"\" src=\"https:\/\/en-concept-tech.com\/wp-content\/uploads\/2025\/09\/Formations-professionelles-au-S-n-gal.jpg\" style=\"object-position:50% 17%\" data-object-fit=\"cover\" data-object-position=\"50% 17%\" srcset=\"https:\/\/en-concept-tech.com\/wp-content\/uploads\/2025\/09\/Formations-professionelles-au-S-n-gal.jpg 724w, https:\/\/en-concept-tech.com\/wp-content\/uploads\/2025\/09\/Formations-professionelles-au-S-n-gal-300x200.jpg 300w\" sizes=\"auto, (max-width: 724px) 100vw, 724px\" \/><span aria-hidden=\"true\" class=\"wp-block-cover__background has-nv-dark-bg-background-color has-background-dim-30 has-background-dim\"><\/span><div class=\"wp-block-cover__inner-container is-layout-constrained wp-container-core-cover-is-layout-9f42f5ac wp-block-cover-is-layout-constrained\">\n<h3 class=\"wp-block-heading has-text-align-center has-text-color\" style=\"color:#fffffd;font-size:2.51rem\">Formation pro.<\/h3>\n<\/div><\/div>\n\n\n\n<blockquote class=\"wp-block-quote is-layout-flow wp-block-quote-is-layout-flow\">\n<p><strong>Nous proposons des formations professionnelles avanc\u00e9es en informatique.<\/strong><\/p>\n<\/blockquote>\n<\/div>\n\n\n\n<div class=\"wp-block-column is-layout-flow wp-block-column-is-layout-flow\" style=\"padding-top:1rem;padding-right:0rem;padding-bottom:1rem;padding-left:0rem\">\n<div class=\"wp-block-cover\" style=\"padding-right:0.51rem;padding-left:0.51rem;min-height:390px;aspect-ratio:unset;\"><img loading=\"lazy\" decoding=\"async\" width=\"1024\" height=\"870\" class=\"wp-block-cover__image-background wp-image-77 size-large\" alt=\"\" src=\"https:\/\/en-concept-tech.com\/wp-content\/uploads\/2025\/09\/Les-differents-moyens-de-stockage-des-donnees-pour-les-entreprises-1024x870.jpg\" data-object-fit=\"cover\" srcset=\"https:\/\/en-concept-tech.com\/wp-content\/uploads\/2025\/09\/Les-differents-moyens-de-stockage-des-donnees-pour-les-entreprises-1024x870.jpg 1024w, https:\/\/en-concept-tech.com\/wp-content\/uploads\/2025\/09\/Les-differents-moyens-de-stockage-des-donnees-pour-les-entreprises-300x255.jpg 300w, https:\/\/en-concept-tech.com\/wp-content\/uploads\/2025\/09\/Les-differents-moyens-de-stockage-des-donnees-pour-les-entreprises-768x652.jpg 768w, https:\/\/en-concept-tech.com\/wp-content\/uploads\/2025\/09\/Les-differents-moyens-de-stockage-des-donnees-pour-les-entreprises.jpg 1380w\" sizes=\"auto, (max-width: 1024px) 100vw, 1024px\" \/><span aria-hidden=\"true\" class=\"wp-block-cover__background has-nv-dark-bg-background-color has-background-dim-30 has-background-dim\"><\/span><div class=\"wp-block-cover__inner-container is-layout-constrained wp-container-core-cover-is-layout-9f42f5ac wp-block-cover-is-layout-constrained\">\n<h3 class=\"wp-block-heading has-text-align-center has-text-color\" style=\"color:#fffffd;font-size:2.51rem\">Base de donn\u00e9es.<\/h3>\n<\/div><\/div>\n\n\n\n<blockquote class=\"wp-block-quote is-layout-flow wp-block-quote-is-layout-flow\">\n<p><strong>Nous proposons des bases des donn\u00e9es de l&rsquo;entreprise pour une bonne gestion de  votre business.<\/strong><\/p>\n<\/blockquote>\n<\/div>\n\n\n\n<div class=\"wp-block-column is-layout-flow wp-block-column-is-layout-flow\" style=\"padding-top:1rem;padding-right:0rem;padding-bottom:1rem;padding-left:0rem\">\n<div class=\"wp-block-cover\" style=\"padding-right:0.51rem;padding-left:0.51rem;min-height:390px;aspect-ratio:unset;\"><img loading=\"lazy\" decoding=\"async\" width=\"785\" height=\"445\" class=\"wp-block-cover__image-background wp-image-81 size-full\" alt=\"\" src=\"https:\/\/en-concept-tech.com\/wp-content\/uploads\/2025\/09\/blog3-blog-surveillance.png\" style=\"object-position:48% 34%\" data-object-fit=\"cover\" data-object-position=\"48% 34%\" srcset=\"https:\/\/en-concept-tech.com\/wp-content\/uploads\/2025\/09\/blog3-blog-surveillance.png 785w, https:\/\/en-concept-tech.com\/wp-content\/uploads\/2025\/09\/blog3-blog-surveillance-300x170.png 300w, https:\/\/en-concept-tech.com\/wp-content\/uploads\/2025\/09\/blog3-blog-surveillance-768x435.png 768w\" sizes=\"auto, (max-width: 785px) 100vw, 785px\" \/><span aria-hidden=\"true\" class=\"wp-block-cover__background has-nv-dark-bg-background-color has-background-dim-30 has-background-dim\"><\/span><div class=\"wp-block-cover__inner-container is-layout-constrained wp-container-core-cover-is-layout-9f42f5ac wp-block-cover-is-layout-constrained\">\n<h3 class=\"wp-block-heading has-text-align-center has-text-color\" style=\"color:#fffffd;font-size:2.51rem\">Cam\u00e9ra de surveillance<\/h3>\n<\/div><\/div>\n\n\n\n<blockquote class=\"wp-block-quote is-layout-flow wp-block-quote-is-layout-flow\">\n<p><strong>Nous proposons l&rsquo;installations de cam\u00e9ra de surveillance pour le bon fonctionnement et une gestion de votre entreprise en distance \u00e0 temps r\u00e9el.<\/strong><\/p>\n<\/blockquote>\n<\/div>\n\n\n\n<div class=\"wp-block-column is-layout-flow wp-block-column-is-layout-flow\" style=\"padding-top:1rem;padding-right:0rem;padding-bottom:1rem;padding-left:0rem\">\n<div class=\"wp-block-cover\" style=\"padding-right:0.51rem;padding-left:0.51rem;min-height:390px;aspect-ratio:unset;\"><img loading=\"lazy\" decoding=\"async\" width=\"656\" height=\"389\" class=\"wp-block-cover__image-background wp-image-86 size-full\" alt=\"\" src=\"https:\/\/en-concept-tech.com\/wp-content\/uploads\/2025\/09\/Systeme-dexploitation-tendances-ib-cegos.jpg\" data-object-fit=\"cover\" srcset=\"https:\/\/en-concept-tech.com\/wp-content\/uploads\/2025\/09\/Systeme-dexploitation-tendances-ib-cegos.jpg 656w, https:\/\/en-concept-tech.com\/wp-content\/uploads\/2025\/09\/Systeme-dexploitation-tendances-ib-cegos-300x178.jpg 300w\" sizes=\"auto, (max-width: 656px) 100vw, 656px\" \/><span aria-hidden=\"true\" class=\"wp-block-cover__background has-nv-dark-bg-background-color has-background-dim-30 has-background-dim\"><\/span><div class=\"wp-block-cover__inner-container is-layout-constrained wp-container-core-cover-is-layout-9f42f5ac wp-block-cover-is-layout-constrained\">\n<h3 class=\"wp-block-heading has-text-align-center has-text-color\" style=\"color:#fffffd;font-size:2.51rem\">Installation de S.E<\/h3>\n<\/div><\/div>\n\n\n\n<blockquote class=\"wp-block-quote is-layout-flow wp-block-quote-is-layout-flow\">\n<p><strong>Nous proposons l&rsquo;installation, le suivie et la mise \u00e0 jours de vos syst\u00e8mes d&rsquo;exploitation (S.E) pour le bon fonctionnement de votre entreprise.<\/strong><\/p>\n<\/blockquote>\n<\/div>\n<\/div>\n\n\n\n<p class=\"has-text-align-center has-nv-site-bg-color has-text-color has-link-color wp-elements-c7a948a3a2a3635ff951638cc51bf410\" style=\"font-size:20px\"><strong><a href=\"https:\/\/en-concept-tech.com\/index.php\/nos-services\/\" data-type=\"page\" data-id=\"14\">Voir nos services<\/a><\/strong><\/p>\n<\/div><\/div>\n<\/div><\/div>\n\n\n\n<div class=\"wp-block-cover alignfull\" style=\"min-height:572px;aspect-ratio:unset;\"><img decoding=\"async\" class=\"wp-block-cover__image-background wp-image-764\" alt=\"\" src=\"https:\/\/tyler.com\/wp-content\/uploads\/2023\/11\/surf-banner1.jpg\" data-object-fit=\"cover\"\/><span aria-hidden=\"true\" class=\"wp-block-cover__background has-nv-text-dark-bg-background-color has-background-dim-100 has-background-dim\"><\/span><div class=\"wp-block-cover__inner-container is-layout-constrained wp-block-cover-is-layout-constrained\">\n<section class=\"wp-block-group alignfull has-background\" style=\"background-color:#00297c;margin-top:0px;padding-top:4.01rem;padding-right:1rem;padding-bottom:5.01rem;padding-left:1rem;font-size:1.13rem;font-style:normal;font-weight:400;line-height:1.4\"><div class=\"wp-block-group__inner-container is-layout-constrained wp-container-core-group-is-layout-3894590e wp-block-group-is-layout-constrained\">\n<div class=\"wp-block-columns is-layout-flex wp-container-core-columns-is-layout-8b771e1c wp-block-columns-is-layout-flex\" style=\"margin-bottom:0px\">\n<div class=\"wp-block-column is-layout-constrained wp-container-core-column-is-layout-c2ecee06 wp-block-column-is-layout-constrained\" style=\"padding-top:2.01rem\">\n<div class=\"wp-block-group\" style=\"min-height:100%\"><div class=\"wp-block-group__inner-container is-layout-constrained wp-block-group-is-layout-constrained\">\n<p class=\"has-text-align-center has-text-color\" style=\"color:#fffffd;margin-top:0rem;font-size:1.01rem;font-style:normal;font-weight:400;line-height:1.5\">Vous \u00eates chef d&rsquo;entreprise, cadre ou professionnel \u00e0 la recherche d&rsquo;une solution, assistance et vos services informatiques visant l&rsquo;adaptation \u00e0 la nouvelle technologie,<strong><em> E_concept est la solution<\/em><\/strong><\/p>\n\n\n\n<div class=\"wp-block-group is-vertical is-content-justification-stretch is-layout-flex wp-container-core-group-is-layout-b10ebfb6 wp-block-group-is-layout-flex\" style=\"margin-top:1.61rem;padding-right:0px;padding-left:0px\">\n<div class=\"wp-block-group is-content-justification-center\" style=\"margin-top:0px\"><div class=\"wp-block-group__inner-container is-layout-constrained wp-container-core-group-is-layout-fe667e54 wp-block-group-is-layout-constrained\">\n<div class=\"wp-block-buttons is-horizontal is-content-justification-right is-layout-flex wp-container-core-buttons-is-layout-f0b8a5be wp-block-buttons-is-layout-flex\" style=\"margin-top:0.51rem\">\n<div class=\"wp-block-button has-custom-width wp-block-button__width-100 is-style-fill\"><a class=\"wp-block-button__link has-text-color has-background has-custom-font-size wp-element-button\" href=\"https:\/\/en-concept-tech.com\/index.php\/contacts\/\" style=\"border-style:none;border-width:0px;border-radius:0rem;color:#00297c;background-color:#fffffd;padding-top:0.71rem;padding-right:0.31rem;padding-bottom:0.71rem;padding-left:0.31rem;font-size:1.01rem;font-style:normal;font-weight:600;line-height:1.5;text-transform:uppercase\">CONTACTEZ<strong>-NOUS <\/strong><\/a><\/div>\n<\/div>\n<\/div><\/div>\n<\/div>\n<\/div><\/div>\n<\/div>\n\n\n\n<div class=\"wp-block-column is-vertically-aligned-center is-layout-flow wp-block-column-is-layout-flow\" style=\"padding-right:1rem;padding-left:1rem;flex-basis:40%\"><div class=\"wp-block-image\">\n<figure class=\"aligncenter size-full\"><img loading=\"lazy\" decoding=\"async\" width=\"1080\" height=\"600\" src=\"https:\/\/en-concept-tech.com\/wp-content\/uploads\/2025\/09\/Pannes-informatiques-comment-les-prevenir-1.jpg\" alt=\"\" class=\"wp-image-99\" style=\"aspect-ratio:4\/3;object-fit:cover\" srcset=\"https:\/\/en-concept-tech.com\/wp-content\/uploads\/2025\/09\/Pannes-informatiques-comment-les-prevenir-1.jpg 1080w, https:\/\/en-concept-tech.com\/wp-content\/uploads\/2025\/09\/Pannes-informatiques-comment-les-prevenir-1-300x167.jpg 300w, https:\/\/en-concept-tech.com\/wp-content\/uploads\/2025\/09\/Pannes-informatiques-comment-les-prevenir-1-1024x569.jpg 1024w, https:\/\/en-concept-tech.com\/wp-content\/uploads\/2025\/09\/Pannes-informatiques-comment-les-prevenir-1-768x427.jpg 768w\" sizes=\"auto, (max-width: 1080px) 100vw, 1080px\" \/><\/figure>\n<\/div><\/div>\n<\/div>\n<\/div><\/section>\n<\/div><\/div>\n\n\n\n<section class=\"wp-block-cover alignfull\" style=\"margin-top:0px;padding-top:1.01rem;padding-bottom:1.01rem;min-height:430px;aspect-ratio:unset;\"><img loading=\"lazy\" decoding=\"async\" width=\"1024\" height=\"683\" class=\"wp-block-cover__image-background wp-image-107 size-full\" alt=\"\" src=\"https:\/\/en-concept-tech.com\/wp-content\/uploads\/2025\/09\/importance-de-informatique-dans-notre-vie-quotidienne.jpg\" data-object-fit=\"cover\" srcset=\"https:\/\/en-concept-tech.com\/wp-content\/uploads\/2025\/09\/importance-de-informatique-dans-notre-vie-quotidienne.jpg 1024w, https:\/\/en-concept-tech.com\/wp-content\/uploads\/2025\/09\/importance-de-informatique-dans-notre-vie-quotidienne-300x200.jpg 300w, https:\/\/en-concept-tech.com\/wp-content\/uploads\/2025\/09\/importance-de-informatique-dans-notre-vie-quotidienne-768x512.jpg 768w, https:\/\/en-concept-tech.com\/wp-content\/uploads\/2025\/09\/importance-de-informatique-dans-notre-vie-quotidienne-930x620.jpg 930w\" sizes=\"auto, (max-width: 1024px) 100vw, 1024px\" \/><span aria-hidden=\"true\" class=\"wp-block-cover__background has-nv-dark-bg-background-color has-background-dim\"><\/span><div class=\"wp-block-cover__inner-container is-layout-constrained wp-container-core-cover-is-layout-3d2a29d0 wp-block-cover-is-layout-constrained\">\n<div class=\"wp-block-group has-text-color\" style=\"color:#fffffd;margin-top:0px;padding-top:0rem;padding-right:1rem;padding-bottom:0rem;padding-left:1rem;font-size:1.13rem;font-style:normal;font-weight:400;line-height:1.4\"><div class=\"wp-block-group__inner-container is-layout-flow wp-block-group-is-layout-flow\">\n<div class=\"wp-block-group\"><div class=\"wp-block-group__inner-container is-layout-constrained wp-container-core-group-is-layout-ebc36467 wp-block-group-is-layout-constrained\">\n<p><em>\u00ab\u00a0Dans un monde o\u00f9 la technologie \u00e9volue \u00e0 une vitesse fulgurante, l&rsquo;informatisation des syst\u00e8mes informatiques n&rsquo;est plus un choix, mais une n\u00e9cessit\u00e9. Chaque avanc\u00e9e technologique nous rapproche d&rsquo;une efficacit\u00e9 accrue, d&rsquo;une meilleure gestion des ressources et d&rsquo;une prise de d\u00e9cision \u00e9clair\u00e9e. C&rsquo;est avec passion que j&rsquo;ai vu ces transformations au fil des ann\u00e9es, et je suis convaincu que ce site contribuera \u00e0 guider chacun vers une meilleure compr\u00e9hension et utilisation de ces outils.\u00a0\u00bb<\/em><\/p>\n\n\n\n<p class=\"has-text-align-center has-text-color has-link-color wp-elements-ff9bbe00e4b2512023048b2cafc8f4be\" style=\"color:#2fb4eda6\"><em><strong><a href=\"https:\/\/www.facebook.com\" data-type=\"link\" data-id=\"https:\/\/www.facebook.com\">Ir ELIE NTUMBA<\/a><\/strong><\/em><\/p>\n<\/div><\/div>\n<\/div><\/div>\n<\/div><\/section>\n\n\n\n<p style=\"font-size:0px\"><\/p>\n\n\n\n<p style=\"font-size:0px\"><\/p>\n\n\n\n<p style=\"font-size:0px\"><\/p>\n","protected":false},"excerpt":{"rendered":"<p>Nous visons l&rsquo;excellence et aspirons \u00e0 devenir la r\u00e9f\u00e9rence en mati\u00e8re de d\u00e9veloppement informatique, de gestion de projets et conseils en RDC. Nous misons sur nos collaborateurs partenaires, clients et followers pour atteindre notre objectif.<\/p>\n","protected":false},"author":1,"featured_media":0,"parent":0,"menu_order":1,"comment_status":"closed","ping_status":"closed","template":"page-templates\/template-pagebuilder-full-width.php","meta":{"neve_meta_sidebar":"","neve_meta_container":"","neve_meta_enable_content_width":"","neve_meta_content_width":0,"neve_meta_title_alignment":"","neve_meta_author_avatar":"","neve_post_elements_order":"","neve_meta_disable_header":"","neve_meta_disable_footer":"","neve_meta_disable_title":"","footnotes":""},"class_list":["post-9","page","type-page","status-publish","hentry"],"_links":{"self":[{"href":"https:\/\/en-concept-tech.com\/index.php\/wp-json\/wp\/v2\/pages\/9","targetHints":{"allow":["GET"]}}],"collection":[{"href":"https:\/\/en-concept-tech.com\/index.php\/wp-json\/wp\/v2\/pages"}],"about":[{"href":"https:\/\/en-concept-tech.com\/index.php\/wp-json\/wp\/v2\/types\/page"}],"author":[{"embeddable":true,"href":"https:\/\/en-concept-tech.com\/index.php\/wp-json\/wp\/v2\/users\/1"}],"replies":[{"embeddable":true,"href":"https:\/\/en-concept-tech.com\/index.php\/wp-json\/wp\/v2\/comments?post=9"}],"version-history":[{"count":87,"href":"https:\/\/en-concept-tech.com\/index.php\/wp-json\/wp\/v2\/pages\/9\/revisions"}],"predecessor-version":[{"id":400,"href":"https:\/\/en-concept-tech.com\/index.php\/wp-json\/wp\/v2\/pages\/9\/revisions\/400"}],"wp:attachment":[{"href":"https:\/\/en-concept-tech.com\/index.php\/wp-json\/wp\/v2\/media?parent=9"}],"curies":[{"name":"wp","href":"https:\/\/api.w.org\/{rel}","templated":true}]}}