{"id":11,"date":"2025-09-10T14:08:31","date_gmt":"2025-09-10T12:08:31","guid":{"rendered":"https:\/\/en-concept-tech.com\/?page_id=11"},"modified":"2025-09-22T11:37:50","modified_gmt":"2025-09-22T09:37:50","slug":"a-propos","status":"publish","type":"page","link":"https:\/\/en-concept-tech.com\/index.php\/a-propos\/","title":{"rendered":"\u00c0-propos"},"content":{"rendered":"\n<div class=\"wp-block-cover alignfull\" style=\"margin-top:0;margin-bottom:0;padding-top:0px;padding-bottom:80px;min-height:300px;aspect-ratio:unset;\"><img loading=\"lazy\" decoding=\"async\" width=\"1024\" height=\"523\" class=\"wp-block-cover__image-background wp-image-146 size-full\" alt=\"\" src=\"https:\/\/en-concept-tech.com\/wp-content\/uploads\/2025\/09\/6-1024x523-1.jpg\" data-object-fit=\"cover\" srcset=\"https:\/\/en-concept-tech.com\/wp-content\/uploads\/2025\/09\/6-1024x523-1.jpg 1024w, https:\/\/en-concept-tech.com\/wp-content\/uploads\/2025\/09\/6-1024x523-1-300x153.jpg 300w, https:\/\/en-concept-tech.com\/wp-content\/uploads\/2025\/09\/6-1024x523-1-768x392.jpg 768w\" sizes=\"auto, (max-width: 1024px) 100vw, 1024px\" \/><span aria-hidden=\"true\" class=\"wp-block-cover__background has-background-dim-0 has-background-dim\" style=\"background-color:#e9ceb0\"><\/span><div class=\"wp-block-cover__inner-container is-layout-constrained wp-container-core-cover-is-layout-5f74d8c4 wp-block-cover-is-layout-constrained\">\n<h1 class=\"wp-block-heading has-text-align-center has-text-color has-link-color has-suranna-font-family wp-elements-cb32025a6a73e9c8b071d128bd548e5c\" style=\"color:#8698fb;font-size:55px;font-style:normal;font-weight:500\"><strong>Qui sommes-nous <\/strong><\/h1>\n<\/div><\/div>\n\n\n\n<p><\/p>\n\n\n\n<section class=\"wp-block-group alignfull has-background\" style=\"background-color:#0039ab;margin-top:0px;padding-top:6rem;padding-right:1rem;padding-bottom:5rem;padding-left:1rem;font-size:1.13rem;font-style:normal;font-weight:400;line-height:1.4\"><div class=\"wp-block-group__inner-container is-layout-constrained wp-container-core-group-is-layout-7847e99c wp-block-group-is-layout-constrained\">\n<div class=\"wp-block-columns is-layout-flex wp-container-core-columns-is-layout-fce4114f wp-block-columns-is-layout-flex\" style=\"margin-bottom:0px\">\n<div class=\"wp-block-column is-vertically-aligned-center is-layout-flow wp-block-column-is-layout-flow\" style=\"flex-basis:50%\"><div class=\"wp-block-image\">\n<figure class=\"aligncenter size-full\"><img loading=\"lazy\" decoding=\"async\" width=\"1000\" height=\"667\" src=\"https:\/\/en-concept-tech.com\/wp-content\/uploads\/2025\/09\/pourquoi-impartition-informatique-ideale-pme-montreal.jpeg\" alt=\"\" class=\"wp-image-155\" srcset=\"https:\/\/en-concept-tech.com\/wp-content\/uploads\/2025\/09\/pourquoi-impartition-informatique-ideale-pme-montreal.jpeg 1000w, https:\/\/en-concept-tech.com\/wp-content\/uploads\/2025\/09\/pourquoi-impartition-informatique-ideale-pme-montreal-300x200.jpeg 300w, https:\/\/en-concept-tech.com\/wp-content\/uploads\/2025\/09\/pourquoi-impartition-informatique-ideale-pme-montreal-768x512.jpeg 768w, https:\/\/en-concept-tech.com\/wp-content\/uploads\/2025\/09\/pourquoi-impartition-informatique-ideale-pme-montreal-930x620.jpeg 930w\" sizes=\"auto, (max-width: 1000px) 100vw, 1000px\" \/><\/figure>\n<\/div><\/div>\n\n\n\n<div class=\"wp-block-column is-vertically-aligned-center is-layout-constrained wp-container-core-column-is-layout-bcc6a5b8 wp-block-column-is-layout-constrained\" style=\"flex-basis:50%\">\n<h3 class=\"wp-block-heading has-text-align-left has-text-color has-suranna-font-family\" style=\"color:#ffe57c;margin-top:0.5rem;margin-bottom:0rem;font-size:40px;font-style:normal;font-weight:500;letter-spacing:0px;line-height:1.3\"><strong>Welcome<\/strong>!<\/h3>\n\n\n\n<p class=\"has-text-align-left has-text-color has-pontano-sans-font-family\" style=\"color:#ffffff;margin-top:20px;margin-bottom:20px;font-size:18px;font-style:normal;font-weight:400;line-height:1.5\">Bienvenue sur notre site ! Nous sommes une \u00e9quipe passionn\u00e9e d&rsquo;experts en informatique d\u00e9di\u00e9e \u00e0 la transformation num\u00e9rique des entreprises. Notre mission est d&rsquo;accompagner nos clients dans l&rsquo;int\u00e9gration de solutions technologiques innovantes qui optimisent leur efficacit\u00e9 op\u00e9rationnelle et am\u00e9liorent leur comp\u00e9titivit\u00e9 sur le march\u00e9.<\/p>\n<\/div>\n<\/div>\n<\/div><\/section>\n\n\n\n<div class=\"wp-block-columns has-background is-layout-flex wp-container-core-columns-is-layout-fce4114f wp-block-columns-is-layout-flex\" style=\"background-color:#0039ab;margin-bottom:0px\">\n<div class=\"wp-block-column is-vertically-aligned-center is-layout-constrained wp-container-core-column-is-layout-bcc6a5b8 wp-block-column-is-layout-constrained\" style=\"flex-basis:50%\">\n<h3 class=\"wp-block-heading has-text-align-left has-text-color has-suranna-font-family\" style=\"color:#ffe57c;margin-top:0.5rem;margin-bottom:0rem;font-size:40px;font-style:normal;font-weight:500;letter-spacing:0px;line-height:1.3\"><strong>Notre Vision<\/strong><\/h3>\n\n\n\n<p class=\"has-text-align-left has-text-color has-pontano-sans-font-family\" style=\"color:#fffefe;margin-top:20px;margin-bottom:20px;font-size:18px;font-style:normal;font-weight:400;line-height:1.5\">Nous croyons fermement que la technologie doit \u00eatre un levier de croissance et d&rsquo;innovation. En mettant en place des syst\u00e8mes informatiques adapt\u00e9s, nous visons \u00e0 simplifier les processus, r\u00e9duire les co\u00fbts et favoriser une collaboration fluide au sein des organisations.<\/p>\n<\/div>\n\n\n\n<div class=\"wp-block-column is-vertically-aligned-center is-layout-flow wp-block-column-is-layout-flow\" style=\"flex-basis:50%\"><div class=\"wp-block-image\">\n<figure class=\"alignleft size-full\"><img loading=\"lazy\" decoding=\"async\" width=\"1920\" height=\"1080\" src=\"https:\/\/en-concept-tech.com\/wp-content\/uploads\/2025\/09\/SyndromeDeLaVisionInformatique_1.jpg\" alt=\"\" class=\"wp-image-157\" style=\"aspect-ratio:4\/3;object-fit:cover\" srcset=\"https:\/\/en-concept-tech.com\/wp-content\/uploads\/2025\/09\/SyndromeDeLaVisionInformatique_1.jpg 1920w, https:\/\/en-concept-tech.com\/wp-content\/uploads\/2025\/09\/SyndromeDeLaVisionInformatique_1-300x169.jpg 300w, https:\/\/en-concept-tech.com\/wp-content\/uploads\/2025\/09\/SyndromeDeLaVisionInformatique_1-1024x576.jpg 1024w, https:\/\/en-concept-tech.com\/wp-content\/uploads\/2025\/09\/SyndromeDeLaVisionInformatique_1-768x432.jpg 768w, https:\/\/en-concept-tech.com\/wp-content\/uploads\/2025\/09\/SyndromeDeLaVisionInformatique_1-1536x864.jpg 1536w\" sizes=\"auto, (max-width: 1920px) 100vw, 1920px\" \/><\/figure>\n<\/div><\/div>\n<\/div>\n\n\n\n<div class=\"wp-block-columns has-background is-layout-flex wp-container-core-columns-is-layout-fce4114f wp-block-columns-is-layout-flex\" style=\"background-color:#0039ab;margin-bottom:0px\">\n<div class=\"wp-block-column is-vertically-aligned-center is-layout-flow wp-block-column-is-layout-flow\" style=\"flex-basis:50%\"><div class=\"wp-block-image\">\n<figure class=\"alignleft size-full\"><img loading=\"lazy\" decoding=\"async\" width=\"1536\" height=\"864\" src=\"https:\/\/en-concept-tech.com\/wp-content\/uploads\/2025\/09\/adobestock_310133736-1536x864-1.jpeg\" alt=\"\" class=\"wp-image-163\" style=\"aspect-ratio:4\/3;object-fit:cover\" srcset=\"https:\/\/en-concept-tech.com\/wp-content\/uploads\/2025\/09\/adobestock_310133736-1536x864-1.jpeg 1536w, https:\/\/en-concept-tech.com\/wp-content\/uploads\/2025\/09\/adobestock_310133736-1536x864-1-300x169.jpeg 300w, https:\/\/en-concept-tech.com\/wp-content\/uploads\/2025\/09\/adobestock_310133736-1536x864-1-1024x576.jpeg 1024w, https:\/\/en-concept-tech.com\/wp-content\/uploads\/2025\/09\/adobestock_310133736-1536x864-1-768x432.jpeg 768w\" sizes=\"auto, (max-width: 1536px) 100vw, 1536px\" \/><\/figure>\n<\/div><\/div>\n\n\n\n<div class=\"wp-block-column is-vertically-aligned-center is-layout-constrained wp-container-core-column-is-layout-bcc6a5b8 wp-block-column-is-layout-constrained\" style=\"flex-basis:50%\">\n<h3 class=\"wp-block-heading has-text-align-left has-text-color has-suranna-font-family\" style=\"color:#ffe57c;margin-top:0.5rem;margin-bottom:0rem;font-size:40px;font-style:normal;font-weight:500;letter-spacing:0px;line-height:1.3\">Notre Exp\u00e9rience <\/h3>\n\n\n\n<p class=\"has-text-align-left has-text-color has-pontano-sans-font-family\" style=\"color:#fffefe;margin-top:20px;margin-bottom:20px;font-size:18px;font-style:normal;font-weight:400;line-height:1.5\">Avec plusieurs ann\u00e9es d&rsquo;exp\u00e9rience dans le domaine, notre \u00e9quipe est compos\u00e9e de professionnels qualifi\u00e9s en analyse de syst\u00e8mes, d\u00e9veloppement logiciel, et gestion de projets. Nous travaillons en \u00e9troite collaboration avec nos clients pour comprendre leurs besoins sp\u00e9cifiques et d\u00e9velopper des solutions sur mesure.<\/p>\n<\/div>\n<\/div>\n\n\n\n<div class=\"wp-block-columns has-background is-layout-flex wp-container-core-columns-is-layout-fce4114f wp-block-columns-is-layout-flex\" style=\"background-color:#0039ab;margin-bottom:0px\">\n<div class=\"wp-block-column is-vertically-aligned-center is-layout-constrained wp-container-core-column-is-layout-bcc6a5b8 wp-block-column-is-layout-constrained\" style=\"flex-basis:50%\">\n<h3 class=\"wp-block-heading has-text-align-left has-text-color has-suranna-font-family\" style=\"color:#ffe57c;margin-top:0.5rem;margin-bottom:0rem;font-size:40px;font-style:normal;font-weight:500;letter-spacing:0px;line-height:1.3\">Nos Valeurs<\/h3>\n\n\n\n<p class=\"has-text-align-left has-text-color has-pontano-sans-font-family\" style=\"color:#fffefe;margin-top:20px;margin-bottom:20px;font-size:18px;font-style:normal;font-weight:400;line-height:1.5\"><strong>Innovation<\/strong> : Nous sommes constamment \u00e0 la recherche des derni\u00e8res technologies pour offrir des solutions \u00e0 la pointe.<\/p>\n\n\n\n<p class=\"has-nv-site-bg-color has-text-color has-link-color wp-elements-e372944c34689b033e1cbd183b9aa0b1\"><strong>Fiabilit\u00e9<\/strong> : Nous nous engageons \u00e0 fournir des services de haute qualit\u00e9 et \u00e0 respecter nos d\u00e9lais.<\/p>\n\n\n\n<p class=\"has-text-align-left has-text-color has-pontano-sans-font-family\" style=\"color:#fffefe;margin-top:20px;margin-bottom:20px;font-size:18px;font-style:normal;font-weight:400;line-height:1.5\"><strong>Collaboration<\/strong> : Le succ\u00e8s de nos projets repose sur une communication ouverte et une coop\u00e9ration \u00e9troite avec nos clients.<\/p>\n<\/div>\n\n\n\n<div class=\"wp-block-column is-vertically-aligned-center is-layout-flow wp-block-column-is-layout-flow\" style=\"flex-basis:50%\"><div class=\"wp-block-image\">\n<figure class=\"alignleft size-full\"><img loading=\"lazy\" decoding=\"async\" width=\"1500\" height=\"1000\" src=\"https:\/\/en-concept-tech.com\/wp-content\/uploads\/2025\/09\/equipe-qui-sommes-nous.jpg\" alt=\"\" class=\"wp-image-166\" style=\"aspect-ratio:4\/3;object-fit:cover\" srcset=\"https:\/\/en-concept-tech.com\/wp-content\/uploads\/2025\/09\/equipe-qui-sommes-nous.jpg 1500w, https:\/\/en-concept-tech.com\/wp-content\/uploads\/2025\/09\/equipe-qui-sommes-nous-300x200.jpg 300w, https:\/\/en-concept-tech.com\/wp-content\/uploads\/2025\/09\/equipe-qui-sommes-nous-1024x683.jpg 1024w, https:\/\/en-concept-tech.com\/wp-content\/uploads\/2025\/09\/equipe-qui-sommes-nous-768x512.jpg 768w, https:\/\/en-concept-tech.com\/wp-content\/uploads\/2025\/09\/equipe-qui-sommes-nous-930x620.jpg 930w\" sizes=\"auto, (max-width: 1500px) 100vw, 1500px\" \/><\/figure>\n<\/div><\/div>\n<\/div>\n\n\n\n<div class=\"wp-block-columns has-background is-layout-flex wp-container-core-columns-is-layout-fce4114f wp-block-columns-is-layout-flex\" style=\"background-color:#0039ab;margin-bottom:0px\">\n<div class=\"wp-block-column is-vertically-aligned-center is-layout-flow wp-block-column-is-layout-flow\" style=\"flex-basis:50%\"><div class=\"wp-block-image\">\n<figure class=\"alignleft size-full\"><img loading=\"lazy\" decoding=\"async\" width=\"740\" height=\"592\" src=\"https:\/\/en-concept-tech.com\/wp-content\/uploads\/2025\/09\/homme-affaires-travaillant-ordinateur-portable_23-2148634776.jpg\" alt=\"\" class=\"wp-image-171\" style=\"aspect-ratio:4\/3;object-fit:cover\" srcset=\"https:\/\/en-concept-tech.com\/wp-content\/uploads\/2025\/09\/homme-affaires-travaillant-ordinateur-portable_23-2148634776.jpg 740w, https:\/\/en-concept-tech.com\/wp-content\/uploads\/2025\/09\/homme-affaires-travaillant-ordinateur-portable_23-2148634776-300x240.jpg 300w\" sizes=\"auto, (max-width: 740px) 100vw, 740px\" \/><\/figure>\n<\/div><\/div>\n\n\n\n<div class=\"wp-block-column is-vertically-aligned-center is-layout-constrained wp-container-core-column-is-layout-bcc6a5b8 wp-block-column-is-layout-constrained\" style=\"flex-basis:50%\">\n<h3 class=\"wp-block-heading has-text-align-left has-text-color has-suranna-font-family\" style=\"color:#ffe57c;margin-top:0.5rem;margin-bottom:0rem;font-size:40px;font-style:normal;font-weight:500;letter-spacing:0px;line-height:1.3\">Vous \u00eates pr\u00eats!!!<\/h3>\n\n\n\n<p class=\"has-text-align-left has-text-color has-pontano-sans-font-family\" style=\"color:#fffefe;margin-top:20px;margin-bottom:20px;font-size:18px;font-style:normal;font-weight:400;line-height:1.5\">Pr\u00eat \u00e0 faire le premier pas vers une transformation num\u00e9rique r\u00e9ussie ? N\u2019h\u00e9sitez pas \u00e0 nous contacter pour discuter de vos projets et d\u00e9couvrir comment nous pouvons vous aider.<\/p>\n\n\n\n<div class=\"wp-block-buttons has-custom-font-size is-horizontal is-content-justification-left is-layout-flex wp-container-core-buttons-is-layout-3c4e3a98 wp-block-buttons-is-layout-flex\" style=\"margin-top:0.51rem;padding-top:0;padding-right:0;padding-bottom:0;padding-left:0;font-size:0px\">\n<div class=\"wp-block-button has-custom-width wp-block-button__width-75 is-style-fill\"><a class=\"wp-block-button__link has-nv-site-bg-background-color has-text-color has-background has-pontano-sans-font-family has-custom-font-size wp-element-button\" href=\"https:\/\/en-concept-tech.com\/index.php\/contacts\/\" style=\"border-style:none;border-width:0px;border-radius:0rem;color:#00359e;padding-top:0.71rem;padding-right:0.31rem;padding-bottom:0.71rem;padding-left:0.31rem;font-size:14px;font-style:normal;font-weight:600;letter-spacing:1px;line-height:1.5;text-transform:uppercase\"><strong>CONTACTEZ-NOUS<\/strong><\/a><\/div>\n<\/div>\n<\/div>\n<\/div>\n\n\n\n<p><\/p>\n\n\n\n<section class=\"wp-block-cover alignfull\" style=\"margin-top:0px;padding-top:1.01rem;padding-bottom:1.01rem;min-height:430px;aspect-ratio:unset;\"><img loading=\"lazy\" decoding=\"async\" width=\"1024\" height=\"678\" class=\"wp-block-cover__image-background wp-image-177 size-large\" alt=\"\" src=\"https:\/\/en-concept-tech.com\/wp-content\/uploads\/2025\/09\/5e388e45bd000008ab64a3b5-1024x678.jpg\" style=\"object-position:69% 79%\" data-object-fit=\"cover\" data-object-position=\"69% 79%\" srcset=\"https:\/\/en-concept-tech.com\/wp-content\/uploads\/2025\/09\/5e388e45bd000008ab64a3b5-1024x678.jpg 1024w, https:\/\/en-concept-tech.com\/wp-content\/uploads\/2025\/09\/5e388e45bd000008ab64a3b5-300x199.jpg 300w, https:\/\/en-concept-tech.com\/wp-content\/uploads\/2025\/09\/5e388e45bd000008ab64a3b5-768x509.jpg 768w, https:\/\/en-concept-tech.com\/wp-content\/uploads\/2025\/09\/5e388e45bd000008ab64a3b5-1536x1018.jpg 1536w, https:\/\/en-concept-tech.com\/wp-content\/uploads\/2025\/09\/5e388e45bd000008ab64a3b5.jpg 1920w\" sizes=\"auto, (max-width: 1024px) 100vw, 1024px\" \/><span aria-hidden=\"true\" class=\"wp-block-cover__background has-nv-dark-bg-background-color has-background-dim-40 has-background-dim\"><\/span><div class=\"wp-block-cover__inner-container is-layout-constrained wp-container-core-cover-is-layout-3d2a29d0 wp-block-cover-is-layout-constrained\">\n<ul class=\"wp-block-list\">\n<li style=\"font-size:20px\">L&rsquo;informatisation des syst\u00e8mes informatiques repr\u00e9sente une \u00e9tape cruciale pour les entreprises cherchant \u00e0 optimiser leurs processus et \u00e0 am\u00e9liorer leur efficacit\u00e9. En int\u00e9grant des solutions num\u00e9riques adapt\u00e9es, les organisations peuvent non seulement automatiser des t\u00e2ches r\u00e9p\u00e9titives, mais aussi acc\u00e9der \u00e0 des analyses de donn\u00e9es en temps r\u00e9el, favorisant ainsi une prise de d\u00e9cision \u00e9clair\u00e9e.<\/li>\n\n\n\n<li style=\"font-size:20px\">Dans un monde o\u00f9 la technologie \u00e9volue rapidement, il est essentiel de rester \u00e0 la pointe des innovations. Notre plateforme offre des outils et des ressources qui permettent aux entreprises de moderniser leur infrastructure informatique, d&rsquo;am\u00e9liorer la collaboration entre les \u00e9quipes et de garantir la s\u00e9curit\u00e9 des donn\u00e9es.<\/li>\n\n\n\n<li style=\"font-size:20px\">Rejoignez nous dans cette \u00e8re num\u00e9rique et transformez votre syst\u00e8me informatique pour r\u00e9pondre aux d\u00e9fis de demain.<\/li>\n<\/ul>\n<\/div><\/section>\n\n\n\n<p><\/p>\n","protected":false},"excerpt":{"rendered":"<p>Welcome! Bienvenue sur notre site ! Nous sommes une \u00e9quipe passionn\u00e9e d&rsquo;experts en informatique d\u00e9di\u00e9e \u00e0 la transformation num\u00e9rique des entreprises. Notre mission est d&rsquo;accompagner nos clients dans l&rsquo;int\u00e9gration de solutions technologiques innovantes qui optimisent leur efficacit\u00e9 op\u00e9rationnelle et am\u00e9liorent leur comp\u00e9titivit\u00e9 sur le march\u00e9. Notre Vision Nous croyons fermement que la technologie doit \u00eatre&hellip;&nbsp;<a href=\"https:\/\/en-concept-tech.com\/index.php\/a-propos\/\" rel=\"bookmark\"><span class=\"screen-reader-text\">\u00c0-propos<\/span><\/a><\/p>\n","protected":false},"author":1,"featured_media":0,"parent":0,"menu_order":2,"comment_status":"closed","ping_status":"closed","template":"page-templates\/template-pagebuilder-full-width.php","meta":{"neve_meta_sidebar":"","neve_meta_container":"","neve_meta_enable_content_width":"","neve_meta_content_width":0,"neve_meta_title_alignment":"","neve_meta_author_avatar":"","neve_post_elements_order":"","neve_meta_disable_header":"","neve_meta_disable_footer":"","neve_meta_disable_title":"","footnotes":""},"class_list":["post-11","page","type-page","status-publish","hentry"],"_links":{"self":[{"href":"https:\/\/en-concept-tech.com\/index.php\/wp-json\/wp\/v2\/pages\/11","targetHints":{"allow":["GET"]}}],"collection":[{"href":"https:\/\/en-concept-tech.com\/index.php\/wp-json\/wp\/v2\/pages"}],"about":[{"href":"https:\/\/en-concept-tech.com\/index.php\/wp-json\/wp\/v2\/types\/page"}],"author":[{"embeddable":true,"href":"https:\/\/en-concept-tech.com\/index.php\/wp-json\/wp\/v2\/users\/1"}],"replies":[{"embeddable":true,"href":"https:\/\/en-concept-tech.com\/index.php\/wp-json\/wp\/v2\/comments?post=11"}],"version-history":[{"count":27,"href":"https:\/\/en-concept-tech.com\/index.php\/wp-json\/wp\/v2\/pages\/11\/revisions"}],"predecessor-version":[{"id":367,"href":"https:\/\/en-concept-tech.com\/index.php\/wp-json\/wp\/v2\/pages\/11\/revisions\/367"}],"wp:attachment":[{"href":"https:\/\/en-concept-tech.com\/index.php\/wp-json\/wp\/v2\/media?parent=11"}],"curies":[{"name":"wp","href":"https:\/\/api.w.org\/{rel}","templated":true}]}}